
What is the thousands digit of 2859122524?
2
What is the ten millions digit of 1325499406?
2
What is the millions digit of 2472399083?
2
What is the thousands digit of 165246374?
6
What is the thousands digit of 529195941?
5
What is the tens digit of 147733893?
9
What is the ten millions digit of 250499617?
5
What is the thousands digit of 19719603?
9
What is the thousands digit of 59101271?
1
What is the units digit of 221426057?
7
What is the tens digit of 28730443?
4
What is the tens digit of 1948461970?
7
What is the tens digit of 3062737184?
8
What is the hundred millions digit of 164814942?
1
What is the ten millions digit of 684203247?
8
What is the hundred millions digit of 222802211?
2
What is the tens digit of 187926955?
5
What is the hundreds digit of 1562899552?
5
What is the tens digit of 566911687?
8
What is the hundred millions digit of 4332154012?
3
What is the ten thousands digit of 6902589?
0
What is the tens digit of 71681509?
0
What is the millions digit of 301696508?
1
What is the ten millions digit of 30610262?
3
What is the units digit of 2000214083?
3
What is the tens digit of 1294983207?
0
What is the millions digit of 130709566?
0
What is the billions digit of 3312754615?
3
What is the ten thousands digit of 1692221947?
2
What is the billions digit of 2543347474?
2
What is the tens digit of 305803178?
7
What is the units digit of 30621943?
3
What is the millions digit of 58801760?
8
What is the hundred thousands digit of 3391026897?
0
What is the ten millions digit of 33643841?
3
What is the hundred millions digit of 324632871?
3
What is the units digit of 1662027213?
3
What is the ten millions digit of 3269553977?
6
What is the ten millions digit of 2691381657?
9
What is the tens digit of 185193057?
5
What is the hundred thousands digit of 134716141?
7
What is the units digit of 211026011?
1
What is the millions digit of 204167133?
4
What is the ten millions digit of 4884584854?
8
What is the thousands digit of 997694551?
4
What is the units digit of 25591639?
9
What is the billions digit of 1851343982?
1
What is the hundreds digit of 65547183?
1
What is the tens digit of 119285100?
0
What is the hundred millions digit of 1017937207?
0
What is the ten millions digit of 98655404?
9
What is the tens digit of 14612196?
9
What is the units digit of 5290524169?
9
What is the billions digit of 5499631204?
5
What is the thousands digit of 201452206?
2
What is the ten thousands digit of 2231232544?
3
What is the units digit of 54196246?
6
What is the hundred thousands digit of 152730448?
7
What is the hundreds digit of 2090243556?
5
What is the units digit of 3125316929?
9
What is the hundred millions digit of 2388415972?
3
What is the hundreds digit of 74194602?
6
What is the thousands digit of 439328851?
8
What is the hundreds digit of 839519069?
0
What is the millions digit of 345729114?
5
What is the units digit of 136571014?
4
What is the units digit of 2168868941?
1
What is the tens digit of 2570775184?
8
What is the units digit of 1517545938?
8
What is the ten thousands digit of 194822007?
2
What is the hundred thousands digit of 124841944?
8
What is the millions digit of 4186364907?
6
What is the thousands digit of 18848875?
8
What is the hundred millions digit of 255938897?
2
What is the ten millions digit of 24030232?
2
What is the millions digit of 1772577838?
2
What is the units digit of 426186002?
2
What is the hundred thousands digit of 87581976?
5
What is the units digit of 4637120529?
9
What is the ten thousands digit of 7258806548?
0
What is the units digit of 32523904?
4
What is the ten millions digit of 802527319?
0
What is the ten thousands digit of 861452446?
5
What is the ten thousands digit of 1623287422?
8
What is the millions digit of 50783400?
0
What is the millions digit of 113804230?
3
What is the thousands digit of 96162097?
2
What is the millions digit of 4551395?
4
What is the thousands digit of 318350704?
0
What is the millions digit of 84391580?
4
What is the billions digit of 1875816360?
1
What is the ten thousands digit of 3648061875?
6
What is the hundred thousands digit of 968569738?
5
What is the hundreds digit of 17226240?
2
What is the thousands digit of 241506209?
6
What is the tens digit of 33059573?
7
What is the thousands digit of 23204021?
4
What is the tens digit of 48573325?
2
What is the hundreds digit of 18098052?
0
What is the units digit of 1501613210?
0
What is the hundreds digit of 219147840?
8
What is the hundreds digit of 219734743?
7
What is the ten thousands digit of 306453088?
5
What is the hundred millions digit of 1175393120?
1
What is the hundred thousands digit of 354395696?
3
What is the hundred thousands digit of 80199904?
1
What is the tens digit of 1122810226?
2
What is the hundred thousands digit of 69391370?
3
What is the hundreds digit of 84220437?
4
What is the units digit of 161462210?
0
What is the ten millions digit of 1849510163?
4
What is the hundreds digit of 47873345?
3
What is the ten millions digit of 46916993?
4
What is the units digit of 4995695992?
2
What is the ten thousands digit of 4288284137?
8
What is the hundreds digit of 228800605?
6
What is the hundreds digit of 45916923?
9
What is the millions digit of 290006623?
0
What is the units digit of 2727532635?
5
What is the units digit of 70336721?
1
What is the thousands digit of 897761946?
1
What is the thousands digit of 1602151890?
1
What is the hundred millions digit of 251423296?
2
What is the tens digit of 2727659674?
7
What is the hundreds digit of 67556175?
1
What is the units digit of 12108275?
5
What is the units digit of 123379073?
3
What is the hundred millions digit of 4691723628?
6
What is the ten thousands digit of 473402355?
0
What is the hundreds digit of 41587377?
3
What is the thousands digit of 19379305?
9
What is the hundred millions digit of 752272441?
7
What is the tens digit of 8083299?
9
What is the millions digit of 60922737?
0
What is the units digit of 234405537?
7
What is the ten millions digit of 818448755?
1
What is the tens digit of 85388258?
5
What is the tens digit of 572948018?
1
What is the millions digit of 33472076?
3
What is the ten millions digit of 774968491?
7
What is the hundred thousands digit of 315024828?
0
What is the billions digit of 3624689870?
3
What is the units digit of 125029268?
8
What is the hundreds digit of 222539015?
0
What is the tens digit of 76477352?
5
What is the hundred thousands digit of 2029039343?
0
What is the hundreds digit of 1907854373?
3
What is the millions digit of 4991972608?
1
What is the ten millions digit of 2118750577?
1
What is the thousands digit of 109466256?
6
What is the units digit of 52135142?
2
What is the hundreds digit of 720268139?
1
What is the hundred thousands digit of 93635429?
6
What is the units digit of 458372104?
4
What is the millions digit of 69154947?
9
What is the units digit of 301864273?
3
What is the hundred thousands digit of 38794731?
7
What is the hundred thousands digit of 185089730?
0
What is the tens digit of 19887591?
9
What is the hundred millions digit of 699018702?
6
What is the thousands digit of 3376064221?
4
What is the ten thousands digit of 43499885?
9
What is the hundred thousands digit of 144568872?
5
What is the ten thousands digit of 81067448?
6
What is the units digit of 17236923?
3
What is the thousands digit of 37334167?
4
What is the tens digit of 4347124498?
9
What is the units digit of 1160933798?
8
What is the units digit of 30483034?
4
What is the ten millions digit of 867230045?
6
What is the hundreds digit of 237725529?
5
What is the millions digit of 499052704?
9
What is the ten thousands digit of 55665595?
6
What is the units digit of 36446106?
6
What is the hundred thousands digit of 1754214432?
2
What is the millions digit of 126629930?
6
What is the ten thousands digit of 8044896?
4
What is the millions digit of 91338949?
1
What is the hundred thousands digit of 592495513?
4
What is the ten thousands digit of 46437383?
3
What is the units digit of 27697453?
3
What is the millions digit of 3303240571?
3
What is the ten thousands digit of 699446313?
4
What is the units digit of 438613984?
4
What is the hundred millions digit of 339326980?
3
What is t